ine t(8).
1
Let l(p) = p + 2. Let k(y) = -y**2 - 9*y + 3. Let t be k(-8). Let j(v) = 6*v + 11. Let z(g) = t*l(g) - 2*j(g). Calculate z(-4).
4
Let c(y) = y - 6. Let v be (-4)/(-8)*(2 - 0). Let z be 14/2 + -3 + v. Determine c(z).
-1
Let l(b) = -5*b**2 - 12*b + 12. Let d(v) = v**2 + v - 1. Let y(i) = -6*d(i) - l(i). Let m be y(5). Let c(z) = 7*z - 1 - 3 + 3. Give c(m).
-8
Suppose -3*h + 20 = 2. Let p(w) = -h*w**2 - 1 + 5*w + w**3 - 6 + 3. Let b be 5 + (0/(-2))/1. Give p(b).
-4
Suppose -6*b + 5 = -5*b. Let x(m) be the second derivative of -m + 0 + 1/4*m**4 - 1/3*m**3 - 1/2*m**2 - 1/20*m**b. Determine x(2).
-1
Let s(c) = -2*c**3 + 3*c**2 + c - 2. Let u be 3/6 - (-6)/4. Give s(u).
-4
Let r(m) = -m**3 - 11*m**2 + 25*m - 10. Let o be r(-13). Let j(q) = q**3 - 2*q**2 - 4*q - 1. What is j(o)?
-4
Let j be (-4)/(-28) + (-82)/(-14). Suppose 2*i + 3*d - d = -j, -i + 5*d + 21 = 0. Let n(q) = -14*q**2. What is n(i)?
-14
Let a(u) be the second derivative of -u**3/3 + u**2 - 15*u. Calculate a(2).
-2
Let x(n) be the third derivative of n**8/1120 + n**7/2520 - n**5/120 + n**4/6 - n**2. Let v(f) be the second derivative of x(f). Calculate v(1).
6
Let l(y) = -4*y**3 + 5*y**2 + 15. Let h(i) = -5*i**3 + 6*i**2 + 15. Let o(q) = -5*h(q) + 6*l(q). Calculate o(0).
15
Let u(y) = -y + 8. Let v be u(3). Let c(k) = 7*k**2 - 11*k - 1. Let h(q) = 6*q**2 - 10*q. Let n(i) = -5*c(i) + 6*h(i). What is n(v)?
5
Let z(i) be the third derivative of i**9/10080 + i**8/20160 + i**7/5040 - i**5/12 - 10*i**2. Let v(x) be the third derivative of z(x). Give v(-1).
-6
Let z(h) = h**2 - 17*h + 22. Let s be z(16). Let w(c) be the third derivative of -c**4/24 + 13*c**3/6 - c**2. Determine w(s).
7
Let b(n) = 12*n**2. Suppose 3*i - 3 + 0 = -q, -5*q - 3*i = 9. Let m be -4*(q + 44/16). Give b(m).
12
Let k(p) = 2*p - 6. Let l be k(6). Let y(j) = 3*j - 8. Determine y(l).
10
Let u(x) = 4. Let y(w) = -w - 4. Let s(c) = 5*u(c) + 4*y(c). Let a(k) = 12*k - 11. Let n(m) = 6*a(m) + 17*s(m). Determine n(-3).
-10
Let u(y) be the third derivative of -y**6/360 + y**5/30 + y**4/24 - y**3/3 + 3*y**2. Let z(b) be the first derivative of u(b). Give z(5).
-4
Let s(k) = k**3 + 4*k**2 + 2*k - 4. Let g(u) = -u**3 + u**2 - u - 1. Let b(c) = -2*g(c) - s(c). Let t be (6/(-5))/(-5 - 168/(-35)). What is b(t)?
6
Let m be (-2)/(4/2) + 0. Let c be 1 - 1*(-2 - 7). Let u(r) = -8*r + 5 - 16 + c. What is u(m)?
7
Suppose -4 = 2*z - 2. Let d(w) = w**3 - 2*w**2 + 3*w - 3. Let j be d(2). Let i(y) = -4 + y + j + 2*y. Determine i(z).
-4
Let y(t) = t**3 - t**2 + t - 1. Let s(f) = 2*f**3 + 2*f + 12. Let c(v) = -s(v) + y(v). Determine c(0).
-13
Suppose -8*k + 12*k + 16 = 0. Let r(m) = 4*m. Calculate r(k).
-16
Let m be 9 - 4/((-8)/(-6)). Let x(f) = 0*f + f**3 + 4*f - 9*f**2 - 2 + 2*f**2. Give x(m).
-14
Let j(s) = s**3 + 5*s**2 + 7*s + 4. Let x(o) = -o**3 - 4*o**2 - 7*o - 3. Let u(g) = 4*j(g) + 3*x(g). Calculate u(-7).
7
Let l = 6 - 1. Suppose 0 = 5*p - 3*p - 4. Let k(v) = 4 + 3*v - 4*v - 4*v**p + 0*v**3 + v**3 - v**2. Determine k(l).
-1
Let h(n) = -7*n**3 - 8*n**2 - 6*n - 3. Let o(j) = -j**3 - j**2 - j - 1. Let x(i) = -h(i) + 6*o(i). Suppose -4*y + 5*l = 37, 8*l = 3*l + 25. Calculate x(y).
-12
Let v(l) = l + 6. Let t be ((-4)/8)/((-2)/4). Let b = 1 - t. What is v(b)?
6
Let o(d) = 2*d + 9. Suppose 3*p + 36 = -5*u, 3*p + p - 5*u + 13 = 0. What is o(p)?
-5
Let c(y) = y**3 + 8*y**2 + 7*y + 5. Let a be c(-7). Let g(l) = l**3 - 4*l**2 - 2*l - 6. Calculate g(a).
9
Let r(f) = 2*f - 1. Let w(c) = c**2 + 5*c - 1. Let i be w(-5). Suppose 0 = 4*b + 4*g, 2*g + 2*g - 2 = -5*b. Let m = i + b. What is r(m)?
1
Let l be (-13 + 13)/(2/(-2)). Let k(c) = c + 2. Determine k(l).
2
Let k(v) be the third derivative of -v**6/120 + v**5/15 - v**4/24 - 2*v**3/3 + 8*v**2. Determine k(4).
-8
Let u be (-2)/(((-4)/5)/(-2)). Let h(j) = j**3 + 4*j**2 + 3*j + 1. Let p be h(-3). Let l(v) = -p + 0 - 2*v - 3. Calculate l(u).
6
Let v(n) = n**2 - n - 2. Let u(c) = -2*c**3 - 2. Let a be u(-2). Suppose -2*t = -5*o - 1 - a, 5*t = 5*o + 15. Calculate v(t).
-2
Let u be -6 - (4/(-2) + 3). Let g(n) = n + 1. Calculate g(u).
-6
Let x be ((-50)/6)/((-1)/3). Suppose -5*z + x = -5*i, -5*i - 6 = -1. Let d(s) = -2 + 0*s**2 - 2*s + 6*s**2 + s**2 - 6*s**2. Determine d(z).
6
Let f(c) = -2*c - 2. Suppose q + 0*q - 4 = 0. Give f(q).
-10
Let x(f) = 2*f**2 - 7*f - 10. Let w(b) = 3*b**2 - 7*b - 20 + 9 + 0*b**2. Let l(t) = -3*w(t) + 4*x(t). Let h be 2*(-2)/(-4) - 6. What is l(h)?
3
Let u(i) be the first derivative of i**3/3 - 3*i**2/2 - 5*i + 36. Suppose 2*q + 5 = -5*k - 3*q, -2*k - 3*q = 7. Calculate u(k).
-1
Let n(f) = f - 4. Let z(w) = w - 2. Let h be z(-1). Give n(h).
-7
Let s(k) = 3 - k + 4 - 3 + 5. What is s(8)?
1
Suppose 20 = -5*r - 0*r. Suppose 4*n + 1 = 9. Let a(m) = -3*m + 0 + n*m - 5. Calculate a(r).
-1
Let o(l) = l**2 - 4*l + 7. Let b(v) = 3*v**2 - 11*v + 20. Let i(h) = -3*b(h) + 8*o(h). What is i(0)?
-4
Let x(q) = 2*q - 1. Let z(r) = -10*r + 3 + 1 + 0. Let f(c) = 28*x(c) + 6*z(c). Let w = -7 + 4. Determine f(w).
8
Let z(c) = 2*c**2 - 2*c. Let i be z(2). Let k(b) = 4*b**2 + i*b**3 - 19 - 5*b**3 + 2*b + 2*b**2 + 10. Calculate k(6).
3
Suppose -p - 6 = 1. Let y = p - -6. Let n(k) = -k**2 - k + 1. Let m(a) = -3*a**2 - 2*a + 1. Let r(s) = y*m(s) + n(s). Calculate r(1).
3
Suppose -o - 18 = -2*o - 3*i, 4*o + 5*i - 37 = 0. Suppose 2*g - 12 = -2*g. Let a(t) = 6 - 2 - 2*t**2 + 0 + 0*t + g*t. Determine a(o).
-5
Let b(q) = q**3 - q**2 - 2*q + 3. Let t(g) = g**2 - g. Let r(z) = b(z) + t(z). Determine r(2).
5
Let q(d) = -2 + 2*d - 2 + 3. Suppose 0*p + 5*p - 5 = 0. Give q(p).
1
Let h(v) = v**2 + 16*v + 13. Let p(g) = g**2 + 17*g + 13. Let c(s) = 6*h(s) - 5*p(s). Give c(-9).
-5
Let s(b) = -27 + 14 - b + 10. Give s(4).
-7
Let r(f) = 5*f - 1. Let n be ((-4)/(-2))/(4/6). Suppose 2*y + 0 = 8, 3*y - 14 = -2*a. Let k be (-2)/n + a/(-3). Calculate r(k).
-6
Let h(r) be the first derivative of r**5/4 + r**4/6 - r**2/2 + r - 1. Let y(o) be the first derivative of h(o). Let x be 2 + (-2*1 - -1). Determine y(x).
6
Let o(f) = 3*f - 4*f + 4*f**2 - 2*f**2. Let l be 2*(-1)/2 + 1. Suppose 3*a - 3*r = -14 + 2, l = 2*a + 4*r - 22. What is o(a)?
1
Let t(b) = b**3 - 3*b**2 + 2*b - 2. Let o(j) = j**2 + 4*j - 2. Let y be o(-4). Let s be (4 + y)*2 + 1. Suppose a + 12 = s*a. Calculate t(a).
4
Let m(y) be the first derivative of -2*y**2 + 1/3*y**3 - 2 - y. Let x = 4 + 0. Determine m(x).
-1
Let o(y) = y**2 - 7*y. Let t(p) = -p. Let k(c) = -1. Let r(i) = -k(i) - t(i). Let m(q) = -o(q) - 3*r(q). Let s = -5 + 8. Calculate m(s).
0
Let z(d) = -d**2 - d. Let k(i) = 2*i**3 - 3*i**2 - 5*i - 1. Let p(s) = k(s) - 3*z(s). Determine p(2).
11
Let s(a) = -a - 1. Let z = 3 - 4. Let l be (z - -1) + (5 - 2). Give s(l).
-4
Let s(p) = p**3 + 10*p**2 - 11*p + 2. Let b be s(-11). Let t(d) = -2*d + b + 5*d - 1 - 3. Give t(-2).
-8
Let j(g) = -g**3 + 6*g**2 - 4*g + 2. Suppose -3*q + 4*w - 5 = 0, w - 5 - 15 = -3*q. Give j(q).
7
Suppose -r - 2 = -2*r. Suppose 5*n = 20, 4*o + 0*n = -r*n. Let m be ((-2)/o)/(-6 + 5). Let f(t) = -5*t - 1. What is f(m)?
4
Let m(t) = -t**2. Let a(r) = r. Let s(v) = -3*a(v) - 2*m(v). What is s(3)?
9
Let l(w) = 7*w**3 + 317*w - 5 - 318*w + 6. Calculate l(1).
7
Let g = 3 + -2. Let p(v) = 3*v - g + v + 0*v - 5*v. What is p(-6)?
5
Let p(w) = w**3 + 7*w**2 + 7*w + 4. Let y be ((-6)/5*1)/(41/205). Calculate p(y).
-2
Let b(m) = -14*m**2 - 1 + 2*m**3 - m**3 + 17*m**2 - 2 + 3*m. Determine b(-3).
-12
Let v(o) = -o**2 + 2*o + 2. Suppose -4*p - 30 = -2*g, 0*g - 5*p - 10 = 3*g. Suppose 2*m + 4*m = 30. Suppose -2 = r - g*j + 4*j, 0 = -m*j + 25. What is v(r)?
-1
Let l(d) = d**2 + 3*d**2 - d - 3*d**2 - 3*d. Calculate l(3).
-3
Let f(c) = -5*c**2 - 4*c - 6. Let i(d) = -d**2 - 1. Let g(w) = f(w) - 4*i(w). Give g(-4).
-2
Let r(b) = b**2 + 6*b + 3. Let d = 41 + -47. What is r(d)?
3
Let p(k) = -k**2 + 5. Let v(g) = -g**2 + g + 4. Let c(w) = 4*p(w) - 5*v(w). Give c(6).
6
Suppose -2*h - 5*h = 0. Let w(r) = r**3 - r**2 + 6. Determine w(h).
6
Let o(q) = -4*q - 6. Let y be o(-3). Let s(u) = -8*u**2 + y*u**2 + 6*u + 3*u**2 - 6. What is s(-5)?
-11
Let i(w) = w + 2. Let y be i(-3). Let u(p) = 9*p**2 + 2*p + 1. What is u(y)?
8
Let p(s) be the second derivative of s**5/20 + 5*s**4/12 + s**3 + s**2/2 - 3*s. Determine p(-4).
-7
Suppose -4*n = -7*n + 9. Suppose 